{"id":48,"date":"2018-08-06T15:19:26","date_gmt":"2018-08-06T15:19:26","guid":{"rendered":"http:\/\/www.weinundwissenblog.de\/?page_id=48"},"modified":"2018-12-14T15:49:43","modified_gmt":"2018-12-14T15:49:43","slug":"pressemitteilungen","status":"publish","type":"page","link":"https:\/\/www.weinundwissenblog.de\/?page_id=48","title":{"rendered":"Pressemitteilungen"},"content":{"rendered":"\n<p style=\"font-size:12px\">Die redaktionelle Verantwortung der Pressemitteilungen liegt bei den jeweiligen Unternehmen und nicht bei DerWeinBlog.com<\/p>\n\n\n\n<h3>Die ProWein feiert 2019 ein Jubil\u00e4um<br>25 Jahre Erfolgsgeschichte<\/h3>\n\n\n\n<p>In ihrem 25. Jahr ist die ProWein die Leitmesse der internationalen Wein- und Spirituosenbranche j\u00e4hrliches Branchenhighlight, zentraler Treffpunkt und gesch\u00e4ftsf\u00f6rdernde Orderplattform. Die Nachfrage nach mehr Standfl\u00e4che steigt kontinuierlich, gleichzeitig wollen immer mehr Anbieter aus immer mehr L\u00e4ndern in D\u00fcsseldorf dabei sein. Zur ProWein 2018 pr\u00e4sentieren sich 6.378 Aussteller aus 67 L\u00e4ndern.<br>Das Erfolgsrezept ist \u00fcber die Jahre konstant geblieben und st\u00fctzt sich auf drei wesentliche Bereiche: Die ProWein ist eine reine Fachmesse f\u00fcr Profis der Wein- und Spirituosenbranche mit Fokus Handel und Gastronomie. Die ProWein wird von einer der erfolgreichsten und erfahrensten deutschen Messegesellschaften, der Messe D\u00fcsseldorf, ausgerichtet.<br><br>Die n\u00e4chste PrWein findet in D\u00fcsseldorf vom 17. bis 19. M\u00e4rz 2019 statt.<\/p>\n\n\n\n<figure class=\"wp-block-image\"><img decoding=\"async\" loading=\"lazy\" width=\"640\" height=\"427\" src=\"http:\/\/www.derweinblog.com\/wp-content\/uploads\/2018\/12\/23154159-e708-4ca2-a998-d9bdfd6f6dc4.jpg\" alt=\"\" class=\"wp-image-207\" srcset=\"https:\/\/www.weinundwissenblog.de\/wp-content\/uploads\/2018\/12\/23154159-e708-4ca2-a998-d9bdfd6f6dc4.jpg 640w, https:\/\/www.weinundwissenblog.de\/wp-content\/uploads\/2018\/12\/23154159-e708-4ca2-a998-d9bdfd6f6dc4-300x200.jpg 300w\" sizes=\"(max-width: 640px) 100vw, 640px\" \/><figcaption>ProWein 2018 \u00a9 ProWein \/ Messe<\/figcaption><\/figure>\n\n\n\n<h3>Business Report Export<br><\/h3>\n\n\n\n<p>Im Auftrag der ProWein hat die Hochschule Geisenheim zum zweiten Mal mehr als 2.300 Experten der Weinbranche aus 46 L\u00e4ndern zu internationalen Weinm\u00e4rkten befragt.<br>Zur gegenw\u00e4rtigen Attraktivit\u00e4t sch\u00e4tzen Exporteure und Weinproduzenten China als den weltweit attraktivsten Exportmarkt ein, gefolgt von Japan, Hong Kong, Skandinavien, USA und Kanada.<br>F\u00fcr die n\u00e4chsten drei Jahre erwarten Exporteure und Produzenten den st\u00e4rksten Zuwachs in der Marktattraktivit\u00e4t f\u00fcr China, S\u00fcdkorea und Polen, gefolgt von Russland, Hong Kong, Japan und Australien. Dicht auf die Top 7 folgen dann die beiden wichtigen nordamerikanischen M\u00e4rkte die USA und Kanada, wo der Weinkonsum weiter ansteigt.<br><\/p>\n\n\n\n<h3>ProWein China 2018<\/h3>\n\n\n\n<figure class=\"wp-block-image\"><img decoding=\"async\" loading=\"lazy\" width=\"800\" height=\"534\" src=\"http:\/\/www.derweinblog.com\/wp-content\/uploads\/2018\/08\/20171115102143639022438.jpg\" alt=\"\" class=\"wp-image-119\" srcset=\"https:\/\/www.weinundwissenblog.de\/wp-content\/uploads\/2018\/08\/20171115102143639022438.jpg 800w, https:\/\/www.weinundwissenblog.de\/wp-content\/uploads\/2018\/08\/20171115102143639022438-300x200.jpg 300w, https:\/\/www.weinundwissenblog.de\/wp-content\/uploads\/2018\/08\/20171115102143639022438-768x513.jpg 768w\" sizes=\"(max-width: 800px) 100vw, 800px\" \/><figcaption>ProWein China 2017 \u00a9 ProWein<\/figcaption><\/figure>\n\n\n\n<p>Wie schon in den letzten Jahren findet auch in 2018 die ProWine China (13. bis 15. November 2018 ) in Shanghai und der ProWine Asia (7. bis 10. Mai 2019 ) in Hong Kong statt. Die ProWein World in der Asien-Pazifik-Region \u2013 dem am schnellsten wachsenden Markt f\u00fcr Weinkonsum \u2013 ist nun seit Jahren eine feste Gr\u00f6\u00dfe. Jetzt zeigt die weltweit gr\u00f6\u00dfte Fachmesse f\u00fcr Weine und Spirituosen auch in Indien Flagge: Auf der Food &amp; Hotel India (FHI), die vom 5. bis 7. September 2018 zum ersten Mal in Mumbai stattfindet, bereichert die ProWein Education Campaign das Messe-Angebot um das Segment Wein Know-how. \u201eZwar steckt der indische Subkontinent mit seinen 1,3 Milliarden Einwohnern noch in den Kinderschuhen, was den Weinkonsum betrifft\u201c, erl\u00e4utert Marius Berlemann, Global Head Wine &amp; Spirits und Director der ProWein. \u201ePerspektivisch gesehen k\u00f6nnen wir aber davon ausgehen, dass hier ein sehr interessanter Absatzmarkt entsteht. Schon heute geh\u00f6rt Wein \u2013 ob einheimische oder internationale Gew\u00e4chse \u2013 in den Metropolen Mumbai, Chennai, Kalkutta, Delhi, Bangalore oder Pune unabdingbar zum modernen Lifestyle.\u201c Premiere hatte die ProWein Education Campaign \u00fcbrigens auf der ProWine China vor vier Jahren. Dort ist sie seitdem ein fester Bestandteil.<\/p>\n","protected":false},"excerpt":{"rendered":"<p>Die redaktionelle Verantwortung der Pressemitteilungen liegt bei den jeweiligen Unternehmen und nicht bei DerWeinBlog.com Die ProWein feiert 2019 ein Jubil\u00e4um25 Jahre Erfolgsgeschichte In ihrem 25. Jahr ist die ProWein die Leitmesse der internationalen Wein- und Spirituosenbranche j\u00e4hrliches Branchenhighlight, zentraler Treffpunkt und gesch\u00e4ftsf\u00f6rdernde Orderplattform. Die Nachfrage nach mehr Standfl\u00e4che steigt kontinuierlich, gleichzeitig wollen immer mehr Anbieter [&hellip;]<\/p>\n","protected":false},"author":1,"featured_media":0,"parent":0,"menu_order":0,"comment_status":"closed","ping_status":"closed","template":"","meta":[],"_links":{"self":[{"href":"https:\/\/www.weinundwissenblog.de\/index.php?rest_route=\/wp\/v2\/pages\/48"}],"collection":[{"href":"https:\/\/www.weinundwissenblog.de\/index.php?rest_route=\/wp\/v2\/pages"}],"about":[{"href":"https:\/\/www.weinundwissenblog.de\/index.php?rest_route=\/wp\/v2\/types\/page"}],"author":[{"embeddable":true,"href":"https:\/\/www.weinundwissenblog.de\/index.php?rest_route=\/wp\/v2\/users\/1"}],"replies":[{"embeddable":true,"href":"https:\/\/www.weinundwissenblog.de\/index.php?rest_route=%2Fwp%2Fv2%2Fcomments&post=48"}],"version-history":[{"count":14,"href":"https:\/\/www.weinundwissenblog.de\/index.php?rest_route=\/wp\/v2\/pages\/48\/revisions"}],"predecessor-version":[{"id":208,"href":"https:\/\/www.weinundwissenblog.de\/index.php?rest_route=\/wp\/v2\/pages\/48\/revisions\/208"}],"wp:attachment":[{"href":"https:\/\/www.weinundwissenblog.de\/index.php?rest_route=%2Fwp%2Fv2%2Fmedia&parent=48"}],"curies":[{"name":"wp","href":"https:\/\/api.w.org\/{rel}","templated":true}]}}